-- phpMyAdmin SQL Dump
-- version 5.1.1
-- https://www.phpmyadmin.net/
--
-- Hôte : 127.0.0.1:3306
-- Généré le : dim. 24 juil. 2022 à 11:07
-- Version du serveur : 5.7.36
-- Version de PHP : 7.4.26

SET SQL_MODE = "NO_AUTO_VALUE_ON_ZERO";
START TRANSACTION;
SET time_zone = "+00:00";


/*!40101 SET @OLD_CHARACTER_SET_CLIENT=@@CHARACTER_SET_CLIENT */;
/*!40101 SET @OLD_CHARACTER_SET_RESULTS=@@CHARACTER_SET_RESULTS */;
/*!40101 SET @OLD_COLLATION_CONNECTION=@@COLLATION_CONNECTION */;
/*!40101 SET NAMES utf8mb4 */;

--
-- Base de données : `eakmalidb`
--

-- --------------------------------------------------------

--
-- Structure de la table `articles`
--

DROP TABLE IF EXISTS `articles`;
CREATE TABLE IF NOT EXISTS `articles` (
  `id` int(11) NOT NULL AUTO_INCREMENT,
  `title` varchar(255) COLLATE utf8_bin NOT NULL,
  `content` text COLLATE utf8_bin,
  `author` varchar(255) COLLATE utf8_bin DEFAULT NULL,
  `image` varchar(255) COLLATE utf8_bin DEFAULT NULL,
  `date` date DEFAULT NULL,
  PRIMARY KEY (`id`)
) ENGINE=InnoDB AUTO_INCREMENT=6 DEFAULT CHARSET=utf8 COLLATE=utf8_bin;

--
-- Déchargement des données de la table `articles`
--

INSERT INTO `articles` (`id`, `title`, `content`, `author`, `image`, `date`) VALUES
(1, 'Livraison des matériaux à Loulou', '<h1> Livraison des tanks</h1>\r\nAprès beaucoup d\'effort et de détermination l\'équipe de chaudronneries à put respecter le délai de la livraison du produit chez le client.', 'Seyba Traore', 'images/loulo.jpg', '2022-06-16'),
(2, 'Visite du CEO sur site ', '<h1>Visite de PDG sur site</h1>\r\nC\'est un jour spéciale pour l\'équipe EAK, a fin d\'exposer les difficultés du travail au PDG et leurs conditions.\r\n', 'Seyba Traore', 'images/visite.jpg', '2022-06-16'),
(3, 'Don du Directeur EAK à l\'association de bien faisance', '<h1>Don du PDG d\'EAK Groupe à l\'association</h1>\r\nNous avons eu l\'honneur d\'accueillir le gouverneur de Bangoni suite à un don à l\'association de bien faisances. ', 'Seyba Traore', 'images/donteak.jpg', '2022-06-16'),
(4, 'Attestation  de la part du ministère des impôts et taxes en guise de reconnaissance envers le groupe EAK', '<h1>Remise d\'Attestion de la part du Ministère des impôts et de taxes au Groupe EAK</h1>\r\nLe directeur de l\'EAK GROUPE a reçu ce mardi 28 mai 2022 une attestation  de la part du ministère des impôts et taxes en guise de reconnaissance envers sa personne et toute son équipe pour le paiement régulier des impôts et taxes. Ils ont profité de la situation  pour le féliciter  et l\'encourager  pour ses exploits . Car lui ainsi que son équipe  ne cessent  de redoubler  d\'efforts pour  faire  rayonner koulikoro, la rendre  envieuse et en faire surtout un modèle  pour tous.', 'Diallo', 'images/impot.jpg', '2022-06-28'),
(5, 'Réalisation d\'une route à Moribabougou par le Groupe EAK', '<h1>Réalisation d\'une route à Moribabougou par le Groupe EAK</h1>\r\nLa réalisation d\'une nouvelle route par le PDG de EAK Mr Abdoulaye karambiry\r\nla population de Moribabougou dogobala est très contentent  pour ce travail exceptionnel. Nous sommes continuellement impressionnés par les résultats que vous réalisés ! Vous jouez un rôle crucial dans le succès du quartier et de Bamako en général. Les habitants dit être dépassé par la gentillesses du PDG du Groupe EAK.\r\nBravo EAK GROUP félicitation Mr Abdoulaye karambiry pour la citoyenneté.', 'Diallo', 'images/routeMori.jpg', '2022-07-05');

-- --------------------------------------------------------

--
-- Structure de la table `brands`
--

DROP TABLE IF EXISTS `brands`;
CREATE TABLE IF NOT EXISTS `brands` (
  `id` int(11) NOT NULL AUTO_INCREMENT,
  `name` varchar(255) COLLATE utf8_bin NOT NULL,
  PRIMARY KEY (`id`)
) ENGINE=MyISAM AUTO_INCREMENT=17 DEFAULT CHARSET=utf8 COLLATE=utf8_bin;

--
-- Déchargement des données de la table `brands`
--

INSERT INTO `brands` (`id`, `name`) VALUES
(1, 'Parker'),
(2, 'Macnaught'),
(3, 'Bosch'),
(4, 'Delta plus'),
(5, 'Dewalt'),
(6, 'Force '),
(7, 'Fluke'),
(8, 'Groz'),
(9, 'Makita'),
(10, 'Ridgid'),
(11, 'Stanley'),
(12, 'Timken'),
(13, 'Tolsen'),
(14, 'Balflex'),
(15, 'Yato'),
(16, 'Autres');

-- --------------------------------------------------------

--
-- Structure de la table `categories`
--

DROP TABLE IF EXISTS `categories`;
CREATE TABLE IF NOT EXISTS `categories` (
  `id` int(11) NOT NULL AUTO_INCREMENT,
  `name` varchar(255) COLLATE utf8_bin NOT NULL,
  PRIMARY KEY (`id`)
) ENGINE=MyISAM AUTO_INCREMENT=10 DEFAULT CHARSET=utf8 COLLATE=utf8_bin;

--
-- Déchargement des données de la table `categories`
--

INSERT INTO `categories` (`id`, `name`) VALUES
(1, 'Electricite'),
(2, 'Electronique'),
(3, 'Mecanique'),
(4, 'Menuiserie'),
(5, 'Securite'),
(6, 'Hydraulique'),
(7, 'Soudure'),
(9, 'Outils');

-- --------------------------------------------------------

--
-- Structure de la table `products`
--

DROP TABLE IF EXISTS `products`;
CREATE TABLE IF NOT EXISTS `products` (
  `id` int(11) NOT NULL AUTO_INCREMENT,
  `name` varchar(255) COLLATE utf8_bin NOT NULL,
  `reference` varchar(255) COLLATE utf8_bin NOT NULL,
  `category_id` int(11) NOT NULL,
  `brand_id` int(11) NOT NULL,
  `image` varchar(255) COLLATE utf8_bin NOT NULL,
  PRIMARY KEY (`id`),
  KEY `categoryId_product` (`category_id`),
  KEY `brandId_product` (`brand_id`),
  KEY `brand_id` (`brand_id`)
) ENGINE=InnoDB AUTO_INCREMENT=143 DEFAULT CHARSET=utf8 COLLATE=utf8_bin;

--
-- Déchargement des données de la table `products`
--

INSERT INTO `products` (`id`, `name`, `reference`, `category_id`, `brand_id`, `image`) VALUES
(1, 'Copper Winding Wire RR Shramik', 'RR Shramik0.200mm', 1, 1, 'elec.png'),
(2, 'DKJ 45 DN20\r\n', 'PARKER:13773-12-12-SM\r\n', 6, 1, 'park01.jfif'),
(7, 'Water Hose Reel - 10mm x 20m\r\n', 'AW2101\r\n', 6, 2, 'mac.jfif'),
(8, 'Water Hose Reel - 10mm x 20m\r\n', 'HW2121\r\n', 6, 2, 'mac2.png'),
(9, 'PNEUMATIC OPERATED PUMP GREASE PUMP \r\n', 'GP7294\r\n', 6, 2, 'macno11.jpg'),
(10, 'Oil Control Gun - Rigid Extension\r\n', 'HG55-01\r\n', 6, 2, 'macno01.jpg'),
(11, 'OILMASTERÂ® 1:1 Stub Pump\r\n', 'T112S-01\r\n', 6, 2, 'pump.jpg'),
(12, 'Swivel Nut Run Tee â€“  1\" ORFS / 1\" ORFS Swivel / 1\" ORFS\r\n', 'CF-16\r\n', 6, 1, 'swivel.jpg'),
(13, '\"KG/X32310-K0N12;WPN CONE-SING/Y32310-K0\r\n6211-C3 BALL BRG/8,414 KG\"\r\n', '6211-C3;Z17\r\n', 3, 12, 'timken.jpg'),
(14, '32310-9X025 ASSEM-TRB/10,777\r\n', '32310-9X025;\r\n', 3, 12, 'timken.jpg'),
(15, '\"KG/X32310-K0N12;WPN CONE-SING/Y32310-K0N\r\n6324 BALL BRG/74,399 KG\"\r\n', '6324', 3, 12, 'timken.jpg'),
(16, 'NU324EMAC3 CYL.ROL.BG/87,906 KG\r\n', 'NU324EMAC3\r\n', 3, 12, 'timken.jpg'),
(17, '3420-20024 CUP-SGL 1,513 KG\r\n', '3420-20024\r\n', 3, 12, 'timken.jpg'),
(18, '6001-2RS BALL BRG 0,445 KG\r\n', '6001-2RS;Z17\r\n', 3, 12, 'timken.jpg'),
(19, '22211EJW33C3 SPH.RL.BRG 2,449 KG\r\n', '22211EJW33C3;D1\r\n', 3, 12, 'timken.jpg'),
(20, '6309 BALL BRG 11,399 KG\r\n', '6309;Z17\r\n', 3, 12, 'timken.jpg'),
(21, '22324EMW33W800C4 SPH.RL.BRG 22,231 KG\r\n', '22324EMW33W800C4;D1\r\n', 3, 12, 'timken.jpg\r\n'),
(22, '22224EJW33C3 SSEMBLY 8,759 KG\r\n', '22224EJW33C3;D1\r\n', 3, 12, 'timken.jpg'),
(23, '22220KEJW33  SPH.RL.BRG 4,813 KG\r\n', '22220KEJW33;D1\r\n', 3, 12, 'timken.jpg'),
(24, 'SNT 520-617 HOUSING 17,595 KG\r\n', 'SNT 520-617;HOUSING\r\n', 3, 12, 'timken.png'),
(25, 'SNT 520-617 HOUSING 17,595 KG\r\n', 'SNT 520-617;HOUSING\r\n', 3, 12, 'timken.png'),
(26, '22224KEJW33 ASSEMBLY 8,546 KG\r\n', '22224KEJW33;D1\r\n', 3, 12, 'timken.jpg'),
(27, '6317 BALL BRG 4,230 KG\r\n', '6317;Z17\r\n', 3, 12, 'timken.jpg'),
(28, '22210KEJW33 SPH.RL.BRG 0,585 KG\r\n', '22210KEJW33;\r\n', 3, 12, 'timken.jpg'),
(29, '22218KEJW33  SPH.RL.BRG 3,216 KG\r\n', '22218KEJW33;D1\r\n', 3, 12, 'timken.jpg'),
(30, '22219KEJW33  SPH.RL.BRG 3,937 KG\r\n', '22219KEJW33;D1\r\n', 3, 12, 'timken.jpg'),
(31, '22226KEJW33 SPH.RL.BRG 10,723 KG\r\n', '22226KEJW33;D1\r\n', 3, 12, 'timken.jpg'),
(32, '6201-ZZ  BALL BRG 0,037 KG\r\n', '6201-ZZ;Z17\r\n', 3, 12, 'timken.jpg'),
(33, '6207-Z  BALL BRG 0,288 KG\r\n', '6207-Z;Z17\r\n', 3, 12, 'timken.jpg'),
(34, '6208-ZZ BALL BRG 0,366 KG\r\n', '6208-ZZ;Z17\r\n', 3, 12, 'timken.jpg'),
(35, '6310-C3 BALL BRG 1,060 KG\r\n', '6310-C3;Z17\r\n', 3, 12, 'timken.jpg'),
(36, '608-ZZ-C3   BALL BRG 0,012 KG\r\n', '608-ZZ-C3;PA\r\n', 3, 12, 'timken.jpg'),
(37, '6200-ZZ-C3  BALL BRG 0,032 KG\r\n', '6200-ZZ-C3;Z17\r\n', 3, 12, 'timken.jpg'),
(38, '6202-ZZ-C3  BALL BRG 0,045 KG\r\n', '6202-ZZ-C3;Z17\r\n', 3, 12, 'timken.jpg'),
(39, '6203-ZZ BALL BRG 0,066 KG\r\n', '6203-ZZ;Z17\r\n', 3, 12, 'timken.jpg'),
(40, '6206-ZZ BALL BRG 0,199 KG\r\n', '6206-ZZ;Z17\r\n', 3, 12, 'timken.jpg'),
(41, '6307-ZZ  BALL BRG 0,457 KG\r\n', '6307-ZZ;Z17\r\n', 3, 12, 'timken.jpg'),
(42, '6209-Z-C3 BALL BRG 0,398 KG\r\n', '6209-Z-C3;Z17\r\n', 3, 12, 'timken.jpg'),
(43, '6211-ZZ-C3  BALL BRG 0,601 KG\r\n', '6211-ZZ-C3;Z17\r\n', 3, 12, 'timken.jpg'),
(44, '6212-Z-C3 BALL BRG 0,783 KG\r\n', '6212-Z-C3;Z17\r\n', 3, 12, 'timken.jpg'),
(45, '6309-Z-C3 BALL BRG 0,814 KG\r\n', '6309-Z-C3;Z17\r\n', 3, 12, 'timken.jpg'),
(46, '6205-2RS BALL BRG 0,128 KG\r\n', '6205-2RS;Z17\r\n', 3, 12, 'timken.jpg'),
(47, '6309-C3    BALL BRG 0,814 KG\r\n', '6309-C3;Z17\r\n', 3, 12, 'timken.jpg'),
(48, '6205-2RS  BALL BRG 0,128 KG\r\n', '6205-2RS;Z17\r\n', 3, 12, 'timken.jpg'),
(49, '6309-C3 BALL BRG 0,814 KG\r\n', '6309-C3;Z17\r\n', 3, 12, 'timken.jpg'),
(50, '6311-ZZ-C3  BALL BRG 1,370 KG\r\n', '6311-ZZ-C3;Z17\r\n', 3, 12, 'tmken.jpg'),
(52, 'TUYAU SAE100R16 3/8 (DN10) BLU-ray', '436-6-BLU-RL', 6, 1, 'tuyeau.jfif'),
(53, 'PT Makita Router 12mm 1850W RP1800\r\n', '89967\r\n', 9, 9, '80157.png'),
(54, 'PT Makita Miter Saw 255mm MLS100\r\n', 'MLS100\r\n', 9, 9, 'PSN-25 STAINLESS.png'),
(55, 'PT Makita Hammer Drill 20mm 2speed 1010w HP-2070\r\n', 'HP-2070\r\n', 9, 9, '80901.png'),
(56, 'PT Makita Cut off M/C 14\" 2414NB [85948]\r\n', '2414NB\r\n', 9, 9, '86817.png'),
(57, 'PT Makita Cordless Drill 10mm 14.4V DF347DWE\r\n', 'DF347DWE\r\n', 9, 9, '80565.png'),
(58, 'PT Makita Angle DRILL - DOUBLE INSUL-13mm DA4000LR\r\n', 'DA4000LR\r\n', 9, 9, '89712.png'),
(59, 'PT Makita Blower UB-1100/1102 w/o Bag (UB-1102Z-85280K)\r\n', 'UB-1102Z\r\n', 9, 9, '84921.png'),
(60, 'PT Makita Router 12mm 1850W RP1800\r\n', '89967\r\n', 9, 9, '89967.png'),
(61, 'PT Makita Blower UB-1100/1102 w/o Bag (UB-1102Z-85280K)', 'UB-1102Z\r\n', 9, 9, '84921.png'),
(62, 'PT Makita Angle Grinder 100mm [4\"] 710W 9553HNG\r\n', '9553HNG\r\n', 9, 9, '80247.png'),
(63, 'Right Angle JACK STAND 3 TON 2Pcs/BOX\r\n', 'T43002A\r\n', 9, 15, 'outil.jpg'),
(64, 'PNEUMATIC DIAPHRAGM PUMP -PSN- 15 PLASTIC  1/2\"\r\n', '15 PLASTIC  1/2\"\r\n', 6, 16, 'pum.jpg'),
(65, 'PNEUMATIC DIAPHRAGM PUMP PSN 15 STAINLESS 1/2\r\n', 'PSN15STAINLESS\r\n', 6, 16, 'pump2.jpg'),
(66, 'SWEPT 45 FEMALE 1.3/16\" - 14 OFS - (ISO 12151-1) - 3/4\" DN20\r\n', '23.4444.1212\r\n', 6, 14, '234444.png'),
(67, 'SWEPT 45 FEMALE 3/4\" BSP (DKR) - (ISO 12151-6) - 3/4\" DN20\r\n', '23.3042.1212\r\n', 6, 14, '23.5043.png'),
(68, 'SWEPT 90 FEMALE M18X1.5 - 12L DKO-L - (ISO 12151-2) - 3/8\" DN10\r\n', '23.5093.0618\r\n', 6, 14, '23.5093.png'),
(69, 'SWEPT 90 FLANGE 3000 PSI D= 50.8 MM SFL-90 - (ISO 12151-3/SAE J518) - 1.1/4\" DN32â€¦LONG\r\n', '23.7093.2020L\r\n', 6, 14, '23.7093.png'),
(70, 'TEE ADAPTOR STRAIGHT ORFS M/M/M 1\" ORFS x 1\" ORFS x 1\" ORFS\r\n', 'AF-16\r\n', 6, 16, 't1t2.jfif'),
(71, 'TUYAU EN857 2SC MOD10(15.9)\r\n', '462-10', 6, 1, 'Unt.jpg'),
(72, 'BOSCH CORDLESS ANGLE GRINDER 18V + LI BATTERY CHARGER:GB18V-40 (SET)\r\n', 'GWS 180-LI\r\n', 9, 3, 'cut.jfif'),
(73, '\r\nBosch Professional Meuleuse angulaire ', 'GWS 9-115 S', 9, 3, 'GWS 9-115.png'),
(74, 'PERCEUSE GSB 1300 â€“ 550 WATTS', 'GSB 1300', 9, 3, 'GSB 1300.png'),
(75, 'GIM 60 L Professional', 'GIM 60L', 9, 3, 'GIM 60L.png'),
(76, 'GCO 240 Metal Cut-off Grinder', 'GCO 240', 9, 3, 'GCO 240.png'),
(77, 'GAM 220 MF Professional', 'GAM 220MF', 9, 3, 'GAM 220MF.png'),
(78, 'GGS 5000 L Professional', 'GGS 5000L', 9, 3, 'GGS 5000L.png'),
(79, 'DLE 40 Professional', 'DLE 40', 9, 3, 'DLE 40.png'),
(80, 'GSR 12V-15 Professional', 'GSR-12V15', 9, 3, 'GSR-12V15.jpg'),
(81, 'Delta-Plus S1 PS RC', 'S1PSRC', 5, 4, 'delta-plusS1PSRC.jpg'),
(82, 'Delta Plus Barriere', 'Barriere', 5, 4, 'delta-plusBarriere.jpg'),
(83, 'Delta plus  S3 SRC', 'S3 SRC', 5, 4, 'delta-plusS3 SRC.jpg'),
(84, 'delta-plus1-S3 SRC', 'S3 SRC', 5, 4, 'delta-plus1-S3 SRC.jpg'),
(85, 'DeWalt DCD800NT-XJ Perceuse, Visseuse 18V XRP', 'DCD800NT-XJ', 9, 5, 'DCD800NT-XJ.JPG'),
(86, 'DeWALT DCD778S2-GB 18V XR Li-Ion Brushless', 'DCD778S2', 9, 5, 'DCD778S2.png'),
(87, 'DeWALT DW294-GB Heavy Duty Impact Wrench; 3/4in 220V', 'DW294-GB', 9, 5, 'DW294-GB.png'),
(88, 'Dry Diamond Drill - D21580K-GB - DeWalt', 'D21580K-GB', 9, 5, 'D21580K-GB.jpg'),
(89, 'DeWALT D25810K-B5 5Kg SDS Max Dedicated Chipping Hammer 220V', 'D25810K-B5', 9, 5, 'D25810K-B5.png'),
(90, 'SDS-Max Demolition Hammer - D25899K-GB - DeWalt', 'D25899K-GB', 9, 5, 'D25899K-GB.png'),
(91, 'DeWALT DWE493-B5 180mm Large Angle Grinder 2200W 220V', 'DWE493-B5', 9, 5, 'DWE493-B5.png'),
(92, 'DeWALT DWE4001-B5 100mm Small Angle Grinder 800W Toggle Switch 220V', 'DWE4001-B5', 9, 5, 'DWE4001-B5.png'),
(93, 'Souflleur compact XR 18V', 'DCV100-XJ', 9, 5, 'DCV100-XJ.jfif'),
(94, '12\" (305MM) Double Bevel Compound Miter Saw with CUTLINE(TM) Blade Positioning System ', 'DW716XPS', 9, 5, 'DW716XPS.jpg'),
(95, 'Kit d\'outils compact Brushless XR 18V - 6 piÃ¨ces', 'DCK623P3-QW', 9, 5, 'DCK623P3-QW.jpg'),
(96, 'DeWalt\r\nBuilder Bottines de sÃ©curitÃ© ', 'DeWalt\r\n', 5, 5, 'CHAUSSURE DEWALT.jpg'),
(97, '5P 20A 500V PHASE COMBO SWITCH SOCKET\r\n', '56CV532\r\n', 1, 16, '56CV532.jpg'),
(98, '6IN BENCH GRINDER Brand: DEWALT  Model No: DW752R-B5\r\n', 'DW752R\r\n', 9, 5, 'DEW_DW752R-B5.jpg'),
(99, '701W,800-3100SPM,TOP HANDLE JIGSAW 220V Brand: DEWALT  Model No: DW331K-GB\r\n', 'DW331K\r\n', 9, 5, 'DW331K.jpg'),
(100, '9\" metal cutting Disc china--320X2,5X22,23mm / Slovania\r\n', '2608600225\r\n', 9, 3, 'AC_SS450_.jpg'),
(101, '9L-ManuelFluid Extractor-2.5gallon\r\n', 'QT3606M\r\n', 6, 6, 'force1.jfif'),
(102, 'ALLEN KEY 9PC  BALL LNG; KAI TAI TOOLS\r\n', 'HW756/S\r\n', 9, 16, 'hand_tool.jpg'),
(103, 'ALLEN KEY 9PC O/S FLT SHIRT / DRILL POINT HEX KEY\r\n', 'HW262\r\n', 9, 16, 'hand_tool1.jpg'),
(104, 'All-Purpose Oil Transfer Pump\r\n', 'MAOP20\r\n', 6, 2, 'Oil Transfer Pump.jpg'),
(105, 'Aluminum Hand Pump-10Gallon/mn-Shuxin Brd.\r\n', 'AL945926\r\n', 6, 2, 'pumpp.jpg'),
(106, 'ALUminum Hand ROTARY OIL Pump', 'ZL200820140258.1\r\n', 6, 2, 'ALUminum Hand ROTARY OIL Pump.jpg'),
(107, 'RACCORD PNEUMATIQUE DROIT EN LAITON A BAGUE ET ECROU T8 1/4\" BSPT-M\r\n', '0105 08 13\r\n', 6, 1, 'pneumatic.jpg'),
(109, 'TUBE PNEUMATIQUE POLYAMIDE PA INCOLORE SEMI-RIGIDE 4x2 RLX:100M\r\n', '1100P04 00\r\n', 6, 1, '1100P04 00.jpg'),
(110, 'TUBE PNEUMATIQUE  POLYURETHANE PU SPIRALÃ‰ 4M Ã PIQUAGE ,BLEU SOUPLE, 10X7.5 RACCORD G1/4\"\r\n', '1471U10 04 13\r\n', 6, 1, 'tube.jpg'),
(111, 'RACCORD PNEUMATIQUE DROIT T6 M5X0.8\r\n', '3101 06 19\r\n', 6, 1, 'tub2.jpg'),
(112, 'RÃ©gleur compact Ã  lâ€™Ã©chappement, mÃ¢le BSPP\r\n', '7060 06 13\r\n', 6, 1, '7060 06 13.jpg'),
(113, 'Distributeurs 3/2, Alim. interne, tempÃ©rature standard EL/RS  G1/4\r\n', 'P2LBX312ESNDDB49\r\n', 6, 1, 'metal-spool.jpg'),
(114, 'BOBINE 24V POUR DIST PNEU VIKING EX\r\n', 'P2FCB442\r\n', 6, 1, 'bobine.jpg'),
(115, 'Distributeurs 5/2, Alim. interne, tempÃ©rature standard EL/EL  G3/8\r\n', 'P2LCX513EENDDB49\r\n', 6, 1, 'distributeur.jpg'),
(116, 'INTERRUPTEUR DE POSITION 3/2 NF SERIE PXC Ã˜2.5MM 250NL/MIN, GALET PLASTIQUE\r\n', 'PXC-M521\r\n', 6, 1, 'PXC-M521.jpg'),
(117, 'TRANSAIR TUBE ALU BLUE D63 LENGTH: 3M\r\n', '1003A63 04 \r\n', 6, 1, '1003A63 04.jpg \r\n'),
(118, 'TRANSAIR EQUAL ELBOW 25MM (BOX QTTY: 5 PCS)\r\n', '6602 25 00\r\n', 6, 1, '6602 25 00.jpg\r\n'),
(119, 'TRANSAIR REDUCING BRACKET 40-2 5MM\r\n', '6662 40 25\r\n', 6, 1, '66624025.jpg'),
(120, 'CLIP DE FIXATION 0 25 (BOX QTY.15PCS)\r\n', '6697 25 00\r\n', 6, 1, 'tubetransair.jpg'),
(121, 'P1F-S D=32 C=50 CYLINDER ISO15552 SMOOTH // POUR REF: P1D-S032MC-0050\r\n', 'P1F-S032MS-0050-0000\r\n', 6, 1, 'P1F-S032MS-0050-0000.jpg'),
(122, '[WH] FORCE 1/2\" dr Lock Torque Wrench 70-350Nm 660mml', '6474660', 8, 6, 'stanley.jpg'),
(123, 'Force ALUMINUM Pipe Wrench 12\"\r\n', '68412A\r\n', 9, 6, '68412A.jpg'),
(124, '[WH] FORCE clamp 2 ton\r\n', '62502\r\n', 9, 6, '62502.jpg'),
(125, '', '50651\r\n', 9, 6, '50651.jpg\r\n'),
(126, '[WH] Force H-Duty Oil Filter Wrench 105-120 mm\r\n', '61905120\r\n', 9, 6, '61905120.jpg\r\n'),
(127, '[WH] Force Recoilless Hammer [H-Replaceable] 25mm\r\n', '616A025\r\n', 9, 6, '616A025.jpg\r\n'),
(128, 'UNITRAUM 8T Hydraulic Bottle Jack\r\n', 'UN90804\r\n', 16, 9, 'UN90804.jpg\r\n'),
(129, 'UNITRAUM 8T Hydraulic Bottle Jack\r\n', 'UN90804\r\n', 9, 16, 'UN90804.JPG'),
(130, 'Weld Fittings', 'ZHBW2', 6, 1, 'ZHBW2.jpg'),
(131, 'Crimp Style Hydraulic Hose Fitting – 79 Series Fittings', '16A791212', 6, 1, '16A791212.jfif'),
(132, 'Permco Gear Pump & Motor', 'P7500/P7600 PUMP & M75/M76 MOTOR', 1, 1, 'motor.jpg'),
(133, 'Test leads', 'TL1500DC', 1, 7, 'TL1500DC.jpg'),
(134, 'Fluke i1010 AC/DC Current Clamp', 'Fluke i1010 AC/DC', 1, 7, 'AC DC Fluke i1010.jpg'),
(135, 'i30s AC/DC current clamp', 'i30s AC/DC', 1, 7, 'i30s.jpg'),
(136, 'Fluke 87V Max True RMS Multimeter', 'Fluke 87V', 1, 7, '87V.jpg'),
(137, '24\" INDESTRUCTIBLE HANDLE SLEDGE HAMMER, 6 LB', 'Groz 34510', 9, 8, 'Groz 34510.jpg'),
(138, 'ROTARY CHEMICAL PUMP FOR ALCOHOLS, KETONES, ACETONE', '44144', 9, 8, 'ROTARY CHEMICAL PUMP.jpg'),
(139, 'ALLENKEY, (PACK OF 7)', '36101', 9, 8, 'ALLENKEY.jpg'),
(140, 'STANLEY FMHT0-62624 - FATMAX BOLSTER\r\n SCREWDRIVER - POZI (6 PCS.)', 'FMHT0-62624', 9, 11, 'stn10.png'),
(141, 'STANLEY FMMT82683-1 - SET 42 PCS \r\nFATMAX® SOCKET WRENCH - 1/4\"', 'FMMT82683-1', 9, 11, 'stn8.png'),
(142, 'STANLEY FMMT82844-0 - FATMAX MODULE 7 COMBINATION WRENCHES', 'FMMT82844-0', 9, 11, 'stn7.png');
COMMIT;

/*!40101 SET CHARACTER_SET_CLIENT=@OLD_CHARACTER_SET_CLIENT */;
/*!40101 SET CHARACTER_SET_RESULTS=@OLD_CHARACTER_SET_RESULTS */;
/*!40101 SET COLLATION_CONNECTION=@OLD_COLLATION_CONNECTION */;
